on divisor of j and 13.
13
Suppose 0 = 3*d + d - 80. What is the highest common divisor of 100 and d?
20
Let y(j) = -21*j - 2. Let q be y(-1). Let w = q + -4. Calculate the greatest common factor of 3 and w.
3
Let k be (-1)/(3 - (-3)/(-105) - 3). Calculate the greatest common factor of k and 7.
7
Suppose x + 13 = 8. Let p = x + 19. What is the highest common divisor of p and 2?
2
Suppose -4*r = -3*q - 49, 5*r - 90 = -q - q. Calculate the highest common factor of 40 and r.
8
Suppose -4*a - 20 = 0, -4*w - 6*a + 65 = -3*a. What is the highest common factor of w and 180?
20
Let x be (-164)/(-6) - (-2)/(-6). What is the highest common divisor of 54 and x?
27
Let l(a) = -5*a - 4. Let u = 0 + 5. Suppose -5*v = 4*s + 22, -u*s + 2*s + 2*v - 5 = 0. Let w be l(s). Calculate the greatest common divisor of 1 and w.
1
Let o = 106 + -76. What is the greatest common divisor of o and 270?
30
Let a = -870 - -1288. Calculate the highest common divisor of a and 38.
38
Let s be (12/(-5))/((-3)/(-10)). Let t = -3 - s. Let d(i) = -i**3 + 5*i**2 + i - 3. Let k be d(t). Calculate the highest common divisor of 6 and k.
2
Suppose -6 = -2*f - 0*f. Let m(i) = -2*i**3 + 27*i**2 + 16*i - 4. Let s be m(14). Calculate the greatest common divisor of s and f.
3
Let k(v) = -19*v + 3. Let n be k(-1). What is the highest common divisor of 55 and n?
11
Let a(s) = 9*s**2 - 2*s + 1. Suppose -5*v + 1 = -4. Let k be a(v). What is the greatest common factor of k and 16?
8
Let n be ((-63)/6)/(3/(-6)). Let k(q) = -q**3 - 3*q**2 + 6*q - 6. Let x = -17 + 12. Let m be k(x). Calculate the greatest common divisor of n and m.
7
Let o = -30 + 64. Let c(s) = s**3 - 12*s**2 + 22*s - 3. Let v be c(10). What is the highest common divisor of o and v?
17
Suppose -w - 74 = -2*w. Let i = 0 - -1. Let a be -2 + w + (-1 - i). What is the greatest common divisor of 7 and a?
7
Suppose 0 = 86*r - 87*r + 24. What is the highest common divisor of 3 and r?
3
Let k(d) = d**3 + 6*d**2 - 4*d + 1. Let a be k(-3). Suppose 235 - 51 = 23*g. What is the greatest common divisor of a and g?
8
Suppose -4*r + 5 = -3*r. Suppose -r*p + 4*y = -128, -y + 148 = 5*p + 5. Calculate the greatest common divisor of 4 and p.
4
Let w(u) = -u**3 - 7*u**2 - 7*u - 4. Let s be w(-6). Suppose -t = s*t - 30. Calculate the greatest common factor of t and 5.
5
Suppose 1262 = 13*u - 532. What is the highest common divisor of 207 and u?
69
Suppose 3*w = -w + 56. Suppose -2*s + 2*j = -248, -7*s + 2*s - 2*j = -634. Calculate the greatest common factor of w and s.
14
Let v = 291 - 160. Suppose -3*j + v = 2*j + l, -3*j = 4*l - 82. Let w(m) = 2*m**2 + 3*m + 4. Let u be w(-3). Calculate the highest common divisor of u and j.
13
Let y(z) = 2*z**2 - 9*z + 7. Let d be y(6). What is the highest common factor of 175 and d?
25
Let r = -16 + 49. What is the greatest common factor of r and 297?
33
Let h(a) = a**3 + 7*a**2 - 8*a + 1. Let i be h(-8). Calculate the highest common divisor of i and 1.
1
Let x be -3*1/(-6)*2. Let b(l) = l**3 + l**2 - 1. Let d be b(x). Let f be 3 - -2 - (3 - d). Calculate the greatest common divisor of 27 and f.
3
Let v = -48 + 58. What is the highest common divisor of 10 and v?
10
Let g be (-14)/63 + 148/18. What is the greatest common factor of 88 and g?
8
Let v = -10 - 15. Let d = -13 - v. Suppose 0 = 5*l - 0*u - 2*u - 368, -2*u = 3*l - 208. What is the greatest common factor of d and l?
12
Suppose 5*t - 17 = 4*b, 0 = -b + 3*t - 8 + 2. Let c be (-1)/1*1*b. What is the greatest common divisor of c and 27?
3
Let v(w) = -w**2 + 6*w - 1. Let y be v(5). Let n(k) = -k**2 + 8*k - 7. Let o be n(5). What is the highest common divisor of o and y?
4
Let u(k) = -k**3 + 3*k**2 + 5*k - 2. Let m be u(4). Suppose -3*n + 4*n = 4. Suppose -1 = -n*c + 11. Calculate the highest common divisor of m and c.
1
Let t be 15/4*1*8. Let b = t + -20. Let r = 50 - -20. Calculate the highest common divisor of r and b.
10
Let g be -4*(22/(-8) + 2). Suppose j + g*j - 92 = 0. Suppose -73 - j = -m. What is the highest common divisor of m and 12?
12
Let i be (18/(-2))/(45/(-30)). What is the greatest common divisor of 42 and i?
6
Suppose 0*f - 10 = 2*f + 3*j, -21 = -f + 5*j. Let q be (7 + -6)/(f/13). What is the highest common factor of 65 and q?
13
Suppose 0 = -5*a - m + 2*m + 13, -m = 2*a - 1. Suppose a*n = 7*n - 45. Calculate the greatest common divisor of n and 36.
9
Let g(c) = 4*c - 12. Let m be g(9). What is the greatest common divisor of 3 and m?
3
Suppose w - z = 10, 4*w - 6*z - 39 = -3*z. Let s be 1/(2*(-1)/(-2)). What is the greatest common factor of s and w?
1
Suppose -4*j + 7*j - 73 = 4*f, 3*f - 114 = -4*j. Calculate the greatest common factor of 216 and j.
27
Suppose -4*v - v = h - 149, -h = -2*v - 156. What is the greatest common divisor of h and 14?
14
Let d be -2 - (0 + -3) - -26. Let q be (-18)/d - (-17)/3. Calculate the greatest common factor of 20 and q.
5
Let l be (-3)/(((-36)/16)/3). Calculate the highest common factor of 12 and l.
4
Let p be -1 - -3 - (19 + -9). Let f(z) = z + 10. Let v be f(p). Calculate the highest common factor of v and 14.
2
Let y be 38759/196 + -1 + 10/8. Calculate the highest common factor of 22 and y.
22
Let n be (1 - 3/9)*6. Suppose 12 = x - 5*r - 3, 4*r + 12 = n*x. Suppose x = a - 3*a + 8. What is the highest common divisor of a and 4?
4
Suppose -6*z - 42 + 144 = 0. Calculate the highest common factor of z and 153.
17
Let q(h) = h**2 - 4*h - 1. Let w be q(6). What is the highest common factor of w and 1?
1
Let f = 22 - 16. Let j(d) = 2*d**3 - 8*d**2 - 5*d + 7. Let w be j(f). Let b be ((-44)/3)/(-4)*3. Calculate the highest common divisor of w and b.
11
Suppose 5*j = 2*s + 23, 21 = -5*s + 1. Suppose 5*x = -j*p + 75, 2*p + 2*x = -3*p + 125. Calculate the highest common divisor of p and 10.
5
Suppose 6*p - 4*p = 4. What is the highest common factor of p and 22?
2
Suppose 3*l + 360 = 4*a, -a - 3*l + 90 = -5*l. Let y = 20 - 2. What is the highest common factor of y and a?
18
Let c(l) = 50*l**2 + l + 1. Let m be c(-2). Let x = m - 23. Calculate the highest common divisor of x and 16.
16
Let i(w) = -w**2 + 21*w - 22. Let o be i(19). Calculate the greatest common divisor of o and 176.
16
Let h(g) = 16*g**2 - 2*g. Let c be h(2). Suppose -3*w - 6*u + 2*u = -50, -5*u = -5*w + c. What is the greatest common factor of 14 and w?
14
Suppose p + 5*k - 25 = 0, -4*p + 7*k - 3*k = -4. Calculate the greatest common factor of 90 and p.
5
Let y(d) = d**2 + 6*d - 7. Let o be y(-8). Let b = 24 - o. What is the highest common factor of b and 45?
15
Suppose 2*h = 6*h - 36. Suppose 4*w - 2*x - 18 = 0, -21 = -0*w - 2*w + 5*x. What is the greatest common divisor of w and h?
3
Let h = -8 - -13. Suppose -12 = a + 2*a, h*v - 4 = a. Suppose v = t - 14 - 41. Calculate the highest common divisor of 11 and t.
11
Let f(d) = 35*d**2 - 2*d. Let b be f(2). What is the highest common factor of 17 and b?
17
Let n(f) = 4*f**3 - 10*f**2 + 8*f - 3. Let u be n(7). Suppose z = -2*z + 2*a + 561, -5*z - 2*a + u = 0. Calculate the greatest common factor of z and 17.
17
Let h(g) = g**3 + 3*g**2 - 4*g - 2. Let m be h(3). Suppose -2*i + 2 = 0, 5*j + 4*i = -1 + 85. What is the greatest common factor of m and j?
8
Suppose -2*n = -2*l + 30, 3*l + 50 = 6*l - 4*n. Calculate the greatest common divisor of 2 and l.
2
Let u(t) = t + 1. Let x be u(-4). Let c be 3*x/(-9)*0. Suppose -3*j - 26 = -v, c = -4*v + 6*j - j + 69. What is the greatest common divisor of v and 77?
11
Let u = -8 - -10. Let q be (-25)/((-3)/12*u). Calculate the highest common factor of q and 20.
10
Let n(x) = -3 + 4*x + 2 - 4 + x**2. Let q be n(7). What is the greatest common divisor of q and 8?
8
Let d(m) = m + 10. Let g be d(-10). Suppose 89 = -2*t + 3*t + i, 2*t - 4*i - 184 = g. Calculate the greatest common divisor of 18 and t.
18
Let h(d) = -d**3 + 14*d**2 + d - 8. Let c be h(14). What is the highest common divisor of 54 and c?
6
Suppose k - v + 8 = 0, 0 = 2*k + 3*v + v - 8. Let q be 18/4 - 6/k. Calculate the greatest common factor of 9 and q.
3
Let a(g) = g**3 - 10*g**2 - 4*g - 12. Let f be a(11). Calculate the greatest common divisor of 13 and f.
13
Suppose -57 - 6 = -3*j. Let t(i) = i**2 + i + 7. Let v be t(0). What is the greatest common factor of j and v?
7
Let v(p) = -p**3 - 10*p**2 - 9*p + 2.